-- https://www.phpmyadmin.net/
--
-- Hôte : 127.0.0.1:3306
-- Généré le :  mer. 28 avr. 2021 à 08:47
-- Version du serveur :  5.7.26
-- Version de PHP :  7.2.18

START TRANSACTION;



--
-- Base de données :  `adequat`
--

-- --------------------------------------------------------

--
-- Structure de la table `anesthesiste`
--

CREATE TABLE IF NOT EXISTS `anesthesiste` (
  `IDANESTHESISTE` int(11) NOT NULL AUTO_INCREMENT,
  `NOMANESTHESISTE` varchar(50) NOT NULL,
  `SERVICEANESTHESISTE` varchar(50) DEFAULT NULL,
  `CONTACTANESTHESISTE` varchar(25) DEFAULT NULL,
  `IDUTILISATEUR` int(11) NOT NULL,
  PRIMARY KEY (`IDANESTHESISTE`)
) ENGINE=MyISAM AUTO_INCREMENT=2 DEFAULT CHARSET=latin1;

--
-- Déchargement des données de la table `anesthesiste`
--

INSERT INTO `anesthesiste` (`IDANESTHESISTE`, `NOMANESTHESISTE`, `SERVICEANESTHESISTE`, `CONTACTANESTHESISTE`, `IDUTILISATEUR`) VALUES
(1, 'RAKOTO', 'Urgence', '034 20 817 85', 3);

-- --------------------------------------------------------

--
-- Structure de la table `article`
--

CREATE TABLE IF NOT EXISTS `article` (
  `IDARTICLE` bigint(4) NOT NULL AUTO_INCREMENT,
  `IDCATEGORIE` int(11) NOT NULL,
  `DESIGNATION` varchar(128) NOT NULL,
  `UNITESTOCKAGE` char(32) DEFAULT NULL,
  `CONDITIONNEMENT` varchar(128) DEFAULT NULL,
  `COEFUCUS` int(11) DEFAULT NULL,
  `QUANTITEDETAIL` bigint(4) DEFAULT NULL,
  `QUANTITESTOCK` bigint(4) DEFAULT NULL,
  `STATUT` char(32) DEFAULT NULL,
  `ISSECONDAIRE` tinyint(1) DEFAULT NULL,
  `DERNIERPRIX` decimal(10,0) DEFAULT NULL,
  PRIMARY KEY (`IDARTICLE`),
  KEY `I_FK_ARTICLE_CATEGORIEARTICLE` (`IDCATEGORIE`)
) ENGINE=MyISAM AUTO_INCREMENT=34 DEFAULT CHARSET=latin1;

--
-- Déchargement des données de la table `article`
--

INSERT INTO `article` (`IDARTICLE`, `IDCATEGORIE`, `DESIGNATION`, `UNITESTOCKAGE`, `CONDITIONNEMENT`, `COEFUCUS`, `QUANTITEDETAIL`, `QUANTITESTOCK`, `STATUT`, `ISSECONDAIRE`, `DERNIERPRIX`) VALUES
(20, 10, 'AMOXICILLINE 255MG', 'Gélule', 'Plaquette', 20, 389, 12600, 'Actif', 0, '60'),
(21, 2, 'AMOXIXILLINE 50MG', 'Gélule', 'Plaquette', 12, 468, 9350, 'Actif', 0, '117'),
(18, 10, 'ASPIRINE 500MG/ACETYLSACILIQUE', '15', 'Boite', 20, 90, 1200, 'Actif', 0, '30'),
(29, 2, 'GEL HYDROALCOOLIQUE 55ML', '470', 'Bouteille', 20, 358, 1250, 'Actif', 0, '2000'),
(22, 2, 'AMPICILLENE 500MG', 'CP', 'Plaquette', 25, 486, 66950, 'Actif', 0, '121'),
(24, 2, 'CIPROZOLE FORTE', '1200', 'Plaquette', 8, 1201, 15456, 'Actif', 0, '24280'),
(25, 2, 'DOLIPRANE 300MG', '5247', 'Boite', 10, 3673, 15007, 'Actif', 0, '5518'),
(26, 2, 'DICYNONE 250MG', '189', 'Boite', 12, 56, 250, 'Actif', 0, '4730'),
(28, 2, 'AMOXICILLINE 250MG', 'Gélule', 'Plaquette', 20, 542, 12400, 'Actif', 0, '69'),
(30, 2, 'PARACETAMOL', 'CP', 'BOITE', 100, 1245, 126, 'Inactif', 1, '1261'),
(31, 2, 'METRONIDAZOLE', 'CP', 'BOITE', 12, 1248, 1263, 'Inactif', 0, '1254'),
(32, 2, 'ANGIZAAR', 'CP', 'Boite', 30, 29, 100, 'Actif', 0, '500'),
(33, 10, 'GLUCO TEST', '10', 'Boite', 100, 2297, 10050, 'Actif', 1, '2050');

-- --------------------------------------------------------

--
-- Structure de la table `categoriearticle`
--

CREATE TABLE IF NOT EXISTS `categoriearticle` (
  `IDCATEGORIE` int(2) NOT NULL AUTO_INCREMENT,
  `CATEGORIEARTICLE` varchar(32) CHARACTER SET utf8mb4 COLLATE utf8mb4_unicode_520_ci NOT NULL,
  PRIMARY KEY (`IDCATEGORIE`)
) ENGINE=MyISAM AUTO_INCREMENT=14 DEFAULT CHARSET=latin1;

--
-- Déchargement des données de la table `categoriearticle`
--

INSERT INTO `categoriearticle` (`IDCATEGORIE`, `CATEGORIEARTICLE`) VALUES
(10, 'Consommable Medicaux'),
(11, 'Désinfectants'),
(2, 'Médicaments'),
(12, 'Matériel');

-- --------------------------------------------------------

--
-- Structure de la table `client`
--

CREATE TABLE IF NOT EXISTS `client` (
  `IDCLIENT` bigint(4) NOT NULL AUTO_INCREMENT,
  `IDUTILISATEUR` int(11) NOT NULL,
  `NOMCLIENT` varchar(50) DEFAULT NULL,
  `ADRESSECLIENT` varchar(100) DEFAULT NULL,
  `CONTACTCLIENT` varchar(50) DEFAULT NULL,
  `CINCLIENT` varchar(15) DEFAULT NULL,
  `TYPECLIENT` varchar(32) DEFAULT NULL,
  PRIMARY KEY (`IDCLIENT`),
  KEY `I_FK_CLIENT_UTILISATEUR` (`IDUTILISATEUR`)
) ENGINE=MyISAM AUTO_INCREMENT=4 DEFAULT CHARSET=latin1;

--
-- Déchargement des données de la table `client`
--

INSERT INTO `client` (`IDCLIENT`, `IDUTILISATEUR`, `NOMCLIENT`, `ADRESSECLIENT`, `CONTACTCLIENT`, `CINCLIENT`, `TYPECLIENT`) VALUES
(1, 3, 'Standard', 'Non définie', '-', '', 'Simple'),
(2, 3, 'PIVOT', '-', '-', '', 'ONG'),
(3, 3, 'BOA', '-', '-', '', 'ESE');

-- --------------------------------------------------------

--
-- Structure de la table `commandeclient`
--

CREATE TABLE IF NOT EXISTS `commandeclient` (
  `IDCOMMANDECLI` bigint(4) NOT NULL AUTO_INCREMENT,
  `IDCLIENT` bigint(4) NOT NULL,
  `IDUTILISATEUR` int(11) NOT NULL,
  `DATECOMMANDECLI` datetime DEFAULT NULL,
  `TYPEPAIEMENT` char(32) DEFAULT NULL,
  `NUMCHEQUECOMMANDECLI` char(32) DEFAULT NULL,
  `MONTANTCOMMANDECLI` decimal(10,2) DEFAULT NULL,
  `ESTPAYECLI` tinyint(1) DEFAULT NULL,
  `CREDITRESTANT` decimal(10,2) DEFAULT NULL,
  `ANESTHESISTE` varchar(50) DEFAULT NULL,
  PRIMARY KEY (`IDCOMMANDECLI`),
  KEY `I_FK_COMMANDECLIENT_CLIENT` (`IDCLIENT`),
  KEY `I_FK_COMMANDECLIENT_UTILISATEUR` (`IDUTILISATEUR`)
) ENGINE=MyISAM AUTO_INCREMENT=17 DEFAULT CHARSET=latin1;

--
-- Déchargement des données de la table `commandeclient`
--

INSERT INTO `commandeclient` (`IDCOMMANDECLI`, `IDCLIENT`, `IDUTILISATEUR`, `DATECOMMANDECLI`, `TYPEPAIEMENT`, `NUMCHEQUECOMMANDECLI`, `MONTANTCOMMANDECLI`, `ESTPAYECLI`, `CREDITRESTANT`, `ANESTHESISTE`) VALUES
(1, 1, 3, '2021-04-23 14:45:36', 'espece', '-', '17500.00', 1, '0.00', ''),
(2, 2, 3, '2021-04-23 14:56:35', 'credit', '-', '6960.00', 0, '6000.00', ''),
(3, 3, 3, '2021-04-23 14:57:09', 'credit', '-', '16390.00', 0, '10000.00', ''),
(4, 1, 3, '2021-04-23 15:18:35', 'espece', '-', '1300.00', 1, '0.00', ''),
(5, 1, 3, '2021-04-23 15:53:11', 'espece', '-', '160.00', 1, '0.00', ''),
(6, 2, 3, '2021-04-26 12:57:44', 'credit', '-', '2030.00', 0, '1500.00', ''),
(7, 1, 3, '2021-04-26 13:14:17', 'espece', '-', '6150.00', 1, '0.00', ''),
(8, 1, 3, '2021-04-26 22:04:39', 'espece', '-', '3810.00', 1, '0.00', ''),
(9, 1, 3, '2021-04-27 11:28:32', 'espece', '-', '10800.00', 1, '0.00', ''),
(10, 2, 3, '2021-04-27 11:29:30', 'credit', '-', '97630.00', 0, '97000.00', ''),
(11, 1, 3, '2021-04-27 11:55:02', 'espece', '-', '4500.00', 1, '0.00', ''),
(12, 1, 3, '2021-04-27 11:56:19', 'espece', '-', '14270.00', 1, '0.00', ''),
(13, 1, 3, '2021-04-28 10:01:10', 'espece', '-', '31170.00', 1, '0.00', ''),
(14, 2, 3, '2021-04-28 10:01:37', 'credit', '-', '2600.00', 0, '2600.00', ''),
(15, 3, 3, '2021-04-28 10:02:18', 'credit', '-', '5510.00', 0, '5510.00', ''),
(16, 3, 3, '2021-04-28 10:04:04', 'credit', '-', '37720.00', 0, '20000.00', '');

-- --------------------------------------------------------

--
-- Structure de la table `commandedetail`
--

CREATE TABLE IF NOT EXISTS `commandedetail` (
  `IDCOMMANDEDTL` int(11) NOT NULL AUTO_INCREMENT,
  `IDUTILISATEUR` int(11) NOT NULL,
  `DATECOMMANDEDTL` date DEFAULT NULL,
  `ESTVALIDE` tinyint(1) NOT NULL,
  `ESTLIVRE` tinyint(1) DEFAULT NULL,
  PRIMARY KEY (`IDCOMMANDEDTL`),
  KEY `I_FK_COMMANDEDETAIL_UTILISATEUR` (`IDUTILISATEUR`)
) ENGINE=MyISAM AUTO_INCREMENT=9 DEFAULT CHARSET=latin1;

--
-- Déchargement des données de la table `commandedetail`
--

INSERT INTO `commandedetail` (`IDCOMMANDEDTL`, `IDUTILISATEUR`, `DATECOMMANDEDTL`, `ESTVALIDE`, `ESTLIVRE`) VALUES
(3, 6, '2021-04-08', 1, 1),
(8, 6, '2021-04-09', 0, 0);

-- --------------------------------------------------------

--
-- Structure de la table `commandefrs`
--

CREATE TABLE IF NOT EXISTS `commandefrs` (
  `IDCOMMANDE` bigint(4) NOT NULL AUTO_INCREMENT,
  `IDFOURNISSEUR` bigint(4) NOT NULL,
  `IDUTILISATEUR` int(11) NOT NULL,
  `DATECOMMANDE` date NOT NULL,
  `MONTANTCOMMANDE` decimal(10,2) DEFAULT NULL,
  `NBREARTICLE` int(11) DEFAULT NULL,
  `ESTVALIDE` tinyint(1) DEFAULT NULL,
  `NUMFACTURE` char(32) DEFAULT NULL,
  `DATEFACTURE` date DEFAULT NULL,
  `MONTANTFACTURE` decimal(10,2) DEFAULT NULL,
  `REFERENCEFACTURE` char(32) DEFAULT NULL,
  `NUMLIVRAISON` char(32) DEFAULT NULL,
  `DATELIVRAISON` char(32) DEFAULT NULL,
  `ESTPAYEFRS` tinyint(1) DEFAULT NULL,
  `DATEPAIEMENT` date DEFAULT NULL,
  `NUMCHEQUEPAIEMENT` char(32) DEFAULT NULL,
  PRIMARY KEY (`IDCOMMANDE`),
  KEY `I_FK_COMMANDEFRS_FOURNISSEUR` (`IDFOURNISSEUR`),
  KEY `I_FK_COMMANDEFRS_UTILISATEUR` (`IDUTILISATEUR`)
) ENGINE=MyISAM AUTO_INCREMENT=5 DEFAULT CHARSET=latin1;

--
-- Déchargement des données de la table `commandefrs`
--

INSERT INTO `commandefrs` (`IDCOMMANDE`, `IDFOURNISSEUR`, `IDUTILISATEUR`, `DATECOMMANDE`, `MONTANTCOMMANDE`, `NBREARTICLE`, `ESTVALIDE`, `NUMFACTURE`, `DATEFACTURE`, `MONTANTFACTURE`, `REFERENCEFACTURE`, `NUMLIVRAISON`, `DATELIVRAISON`, `ESTPAYEFRS`, `DATEPAIEMENT`, `NUMCHEQUEPAIEMENT`) VALUES
(1, 6, 3, '2021-02-22', '20000000.00', 500, 1, '121848', '2021-03-19', '2000000.00', 'rtrtrt7949rgd4g9', 'dggtfgft', '2021-03-03', 1, '2021-03-27', '1233try8t'),
(2, 6, 3, '2021-02-22', '81220.00', 52, NULL, '1234', '2021-03-03', '12000.00', '89222', '12088', '2021-03-18', NULL, '2021-03-25', '125388'),
(3, 6, 3, '2021-03-01', '2000000.00', 690, NULL, '5252887', '2021-03-03', '2000000.00', '5784545', '54455252', '2021-03-31', NULL, '2021-03-31', '123584');

-- --------------------------------------------------------

--
-- Structure de la table `conge`
--

CREATE TABLE IF NOT EXISTS `conge` (
  `IDCONGE` bigint(4) NOT NULL AUTO_INCREMENT,
  `IDPERSONNEL` bigint(4) NOT NULL,
  `IDUTILISATEUR` int(11) NOT NULL,
  `MOTIFCONGE` char(32) DEFAULT NULL,
  `DATEDEBUT` date DEFAULT NULL,
  `DATEFINCONGE` date DEFAULT NULL,
  `DUREECONGE` int(11) DEFAULT NULL,
  PRIMARY KEY (`IDCONGE`),
  KEY `I_FK_CONGE_PERSONNEL` (`IDPERSONNEL`),
  KEY `I_FK_CONGE_UTILISATEUR` (`IDUTILISATEUR`)
) ENGINE=MyISAM AUTO_INCREMENT=26 DEFAULT CHARSET=latin1;

--
-- Déchargement des données de la table `conge`
--

INSERT INTO `conge` (`IDCONGE`, `IDPERSONNEL`, `IDUTILISATEUR`, `MOTIFCONGE`, `DATEDEBUT`, `DATEFINCONGE`, `DUREECONGE`) VALUES
(1, 1, 3, 'FAHORIANA', '2021-03-24', '2021-03-28', 5),
(2, 2, 3, 'Andrana', '2021-03-01', '2021-03-09', 9),
(5, 1, 3, 'FAHORIANA', '2021-03-26', '2021-03-27', 2),
(25, 1, 3, 'anarana', '2021-03-26', '2021-03-26', 1);

-- --------------------------------------------------------

--
-- Structure de la table `datetour`
--

CREATE TABLE IF NOT EXISTS `datetour` (
  `IDDATE` date NOT NULL,
  PRIMARY KEY (`IDDATE`)
) ENGINE=MyISAM DEFAULT CHARSET=latin1;

-- --------------------------------------------------------

--
-- Structure de la table `deploiement`
--

CREATE TABLE IF NOT EXISTS `deploiement` (
  `IDDEPLOIEMENT` bigint(4) NOT NULL AUTO_INCREMENT,
  `IDUTILISATEUR` int(11) NOT NULL,
  `DATEDEPLOIEMENT` date DEFAULT NULL,
  `ESTDEPLOYER` tinyint(1) DEFAULT NULL,
  PRIMARY KEY (`IDDEPLOIEMENT`),
  KEY `I_FK_DEPLOIEMENT_UTILISATEUR` (`IDUTILISATEUR`)
) ENGINE=MyISAM DEFAULT CHARSET=latin1;

-- --------------------------------------------------------

--
-- Structure de la table `entree`
--

CREATE TABLE IF NOT EXISTS `entree` (
  `IDENTREE` bigint(4) NOT NULL AUTO_INCREMENT,
  `IDUTILISATEUR` int(11) NOT NULL,
  `IDRUBRIQUE` bigint(4) NOT NULL,
  `DATEENTREE` date NOT NULL,
  `LIBELLEENTREE` char(32) DEFAULT NULL,
  `TYPEPAIEMENTENTREE` char(32) DEFAULT NULL,
  `NUMCHEQUEENTREE` char(32) DEFAULT NULL,
  `MONTTANTENTREE` decimal(10,2) NOT NULL,
  PRIMARY KEY (`IDENTREE`),
  KEY `I_FK_ENTREE_UTILISATEUR` (`IDUTILISATEUR`),
  KEY `I_FK_ENTREE_RUBRIQUE` (`IDRUBRIQUE`)
) ENGINE=MyISAM DEFAULT CHARSET=latin1;

-- --------------------------------------------------------

--
-- Structure de la table `fonction`
--

CREATE TABLE IF NOT EXISTS `fonction` (
  `IDFONCTION` int(11) NOT NULL AUTO_INCREMENT,
  `NOMFONCTION` char(32) DEFAULT NULL,
  PRIMARY KEY (`IDFONCTION`)
) ENGINE=MyISAM AUTO_INCREMENT=5 DEFAULT CHARSET=latin1;

--
-- Déchargement des données de la table `fonction`
--

INSERT INTO `fonction` (`IDFONCTION`, `NOMFONCTION`) VALUES
(1, 'Gérant'),
(2, 'Caissière'),
(3, 'Responsable Gros'),
(4, 'Développeur');

-- --------------------------------------------------------

--
-- Structure de la table `fournisseur`
--

CREATE TABLE IF NOT EXISTS `fournisseur` (
  `IDFOURNISSEUR` bigint(4) NOT NULL AUTO_INCREMENT,
  `NOMFOURNISSEUR` char(32) NOT NULL,
  `TYPEFRS` char(32) DEFAULT NULL,
  `ADRESSEFRS` char(32) DEFAULT NULL,
  `CONTACTFRS` char(32) DEFAULT NULL,
  PRIMARY KEY (`IDFOURNISSEUR`)
) ENGINE=MyISAM AUTO_INCREMENT=10 DEFAULT CHARSET=latin1;

--
-- Déchargement des données de la table `fournisseur`
--

INSERT INTO `fournisseur` (`IDFOURNISSEUR`, `NOMFOURNISSEUR`, `TYPEFRS`, `ADRESSEFRS`, `CONTACTFRS`) VALUES
(7, 'Mon Fournisseur 2', 'HORS SALAMA', 'Ivato Antananarivo', '0342400189'),
(6, 'Mon Fournisseur 1', 'SALAMA', 'Anjoma Fianarantsoa', '0340696092'),
(8, 'Mon Fournisseur 3', 'HORS SALAMA', 'Antsirabe', '0341458564');

-- --------------------------------------------------------

--
-- Structure de la table `grade`
--

CREATE TABLE IF NOT EXISTS `grade` (
  `IDGRADE` int(11) NOT NULL AUTO_INCREMENT,
  `NOMGRADE` char(32) DEFAULT NULL,
  PRIMARY KEY (`IDGRADE`)
) ENGINE=MyISAM AUTO_INCREMENT=4 DEFAULT CHARSET=latin1;

--
-- Déchargement des données de la table `grade`
--

INSERT INTO `grade` (`IDGRADE`, `NOMGRADE`) VALUES
(3, 'Medecin'),
(2, 'Infirmière');

-- --------------------------------------------------------

--
-- Structure de la table `lignecommandecli`
--

CREATE TABLE IF NOT EXISTS `lignecommandecli` (
  `IDLIGNECOMMANDECLI` bigint(4) NOT NULL AUTO_INCREMENT,
  `IDCOMMANDECLI` bigint(4) NOT NULL,
  `IDARTICLE` bigint(4) NOT NULL,
  `QUANTITECLI` bigint(4) DEFAULT NULL,
  `PRIXCLI` decimal(10,2) DEFAULT NULL,
  PRIMARY KEY (`IDLIGNECOMMANDECLI`),
  KEY `I_FK_LIGNECOMMANDECLI_COMMANDECLIENT` (`IDCOMMANDECLI`),
  KEY `I_FK_LIGNECOMMANDECLI_ARTICLE` (`IDARTICLE`)
) ENGINE=MyISAM AUTO_INCREMENT=40 DEFAULT CHARSET=latin1;

--
-- Déchargement des données de la table `lignecommandecli`
--

INSERT INTO `lignecommandecli` (`IDLIGNECOMMANDECLI`, `IDCOMMANDECLI`, `IDARTICLE`, `QUANTITECLI`, `PRIXCLI`) VALUES
(1, 1, 28, 1, '90.00'),
(2, 1, 21, 3, '160.00'),
(3, 1, 32, 2, '650.00'),
(4, 1, 25, 2, '7180.00'),
(5, 1, 30, 1, '1270.00'),
(6, 2, 20, 2, '80.00'),
(7, 2, 32, 1, '650.00'),
(8, 2, 26, 1, '6150.00'),
(9, 3, 20, 1, '80.00'),
(10, 3, 32, 3, '650.00'),
(11, 3, 25, 2, '7180.00'),
(12, 4, 32, 2, '650.00'),
(13, 5, 20, 2, '80.00'),
(14, 6, 20, 1, '80.00'),
(15, 6, 32, 3, '650.00'),
(16, 7, 26, 1, '6150.00'),
(17, 8, 30, 3, '1270.00'),
(18, 9, 28, 2, '90.00'),
(19, 9, 21, 1, '160.00'),
(20, 9, 25, 1, '7180.00'),
(21, 9, 31, 2, '1640.00'),
(22, 10, 21, 2, '160.00'),
(23, 10, 24, 3, '31570.00'),
(24, 10, 29, 1, '2600.00'),
(25, 11, 18, 10, '40.00'),
(26, 11, 33, 2, '2050.00'),
(27, 12, 30, 3, '1270.00'),
(28, 12, 25, 1, '7180.00'),
(29, 12, 31, 2, '1640.00'),
(30, 13, 20, 3, '80.00'),
(31, 13, 22, 1, '160.00'),
(32, 13, 25, 4, '7180.00'),
(33, 13, 33, 1, '2050.00'),
(34, 14, 32, 4, '650.00'),
(35, 15, 29, 1, '2600.00'),
(36, 15, 31, 1, '1640.00'),
(37, 15, 30, 1, '1270.00'),
(38, 16, 26, 1, '6150.00'),
(39, 16, 24, 1, '31570.00');

-- --------------------------------------------------------

--
-- Structure de la table `lignecommandedetail`
--

CREATE TABLE IF NOT EXISTS `lignecommandedetail` (
  `IDLIGNECOMMANDEDTL` int(11) NOT NULL AUTO_INCREMENT,
  `IDARTICLE` bigint(4) NOT NULL,
  `IDCOMMANDEDTL` int(11) NOT NULL,
  `QUANTITEDTL` bigint(4) DEFAULT NULL,
  PRIMARY KEY (`IDLIGNECOMMANDEDTL`),
  KEY `I_FK_LIGNECOMMANDEDETAIL_ARTICLE` (`IDARTICLE`),
  KEY `I_FK_LIGNECOMMANDEDETAIL_COMMANDEDETAIL` (`IDCOMMANDEDTL`)
) ENGINE=MyISAM AUTO_INCREMENT=11 DEFAULT CHARSET=latin1;

--
-- Déchargement des données de la table `lignecommandedetail`
--

INSERT INTO `lignecommandedetail` (`IDLIGNECOMMANDEDTL`, `IDARTICLE`, `IDCOMMANDEDTL`, `QUANTITEDTL`) VALUES
(4, 28, 3, 100),
(10, 28, 8, 100);

-- --------------------------------------------------------

--
-- Structure de la table `lignecommandefrs`
--

CREATE TABLE IF NOT EXISTS `lignecommandefrs` (
  `IDLIGNECOMMANDE` bigint(4) NOT NULL AUTO_INCREMENT,
  `IDCOMMANDE` bigint(4) DEFAULT NULL,
  `IDARTICLE` bigint(4) NOT NULL,
  `QUANTITECOM` int(11) NOT NULL,
  `PRIXFRS` double(5,2) NOT NULL,
  `DATEPEREMPTION` date DEFAULT NULL,
  `NUMLOT` char(32) DEFAULT NULL,
  `QUANTITERESTANT` bigint(4) DEFAULT NULL,
  `PRIXEMBALLAGE` decimal(10,2) DEFAULT NULL,
  PRIMARY KEY (`IDLIGNECOMMANDE`),
  KEY `I_FK_LIGNECOMMANDEFRS_COMMANDEFRS` (`IDCOMMANDE`),
  KEY `I_FK_LIGNECOMMANDEFRS_ARTICLE` (`IDARTICLE`)
) ENGINE=MyISAM DEFAULT CHARSET=latin1;

-- --------------------------------------------------------

--
-- Structure de la table `lignedeploiment`
--

CREATE TABLE IF NOT EXISTS `lignedeploiment` (
  `IDLIGNEDEPLOIEMENT` int(11) NOT NULL AUTO_INCREMENT,
  `IDARTICLE` bigint(4) NOT NULL,
  `IDDEPLOIEMENT` bigint(4) NOT NULL,
  `QUATITEDEPLOIEMENT` int(11) DEFAULT NULL,
  PRIMARY KEY (`IDLIGNEDEPLOIEMENT`),
  KEY `I_FK_LIGNEDEPLOIMENT_ARTICLE` (`IDARTICLE`),
  KEY `I_FK_LIGNEDEPLOIMENT_DEPLOIEMENT` (`IDDEPLOIEMENT`)
) ENGINE=MyISAM DEFAULT CHARSET=latin1;

-- --------------------------------------------------------

--
-- Structure de la table `paiementcredit`
--

CREATE TABLE IF NOT EXISTS `paiementcredit` (
  `IDPAIEMENTCREDIT` bigint(4) NOT NULL AUTO_INCREMENT,
  `IDCOMMANDECLI` bigint(4) DEFAULT NULL,
  `IDUTILISATEUR` int(11) NOT NULL,
  `DATEPAIEMENTCREDIT` datetime DEFAULT NULL,
  `MONTANTPAIEMENTCREDIT` decimal(10,2) DEFAULT NULL,
  `TYPEPAIEMENTCREDIT` char(32) DEFAULT NULL,
  `NUMCHEQUEPAIEMENTCREDIT` char(32) DEFAULT NULL,
  PRIMARY KEY (`IDPAIEMENTCREDIT`),
  KEY `I_FK_PAIEMENTCREDIT_COMMANDECLIENT` (`IDCOMMANDECLI`),
  KEY `I_FK_PAIEMENTCREDIT_UTILISATEUR` (`IDUTILISATEUR`)
) ENGINE=MyISAM AUTO_INCREMENT=10 DEFAULT CHARSET=latin1;

--
-- Déchargement des données de la table `paiementcredit`
--

INSERT INTO `paiementcredit` (`IDPAIEMENTCREDIT`, `IDCOMMANDECLI`, `IDUTILISATEUR`, `DATEPAIEMENTCREDIT`, `MONTANTPAIEMENTCREDIT`, `TYPEPAIEMENTCREDIT`, `NUMCHEQUEPAIEMENTCREDIT`) VALUES
(1, 2, 3, '2021-04-23 00:00:00', '960.00', 'Espèce', ''),
(2, 3, 3, '2021-04-23 00:00:00', '390.00', 'Espèce', ''),
(4, 3, 3, '2021-04-26 21:32:05', '6000.00', 'Espèce', ''),
(5, 10, 3, '2021-04-27 11:30:25', '630.00', 'Espèce', ''),
(6, 6, 3, '2021-04-27 11:31:00', '500.00', 'Espèce', ''),
(7, 16, 3, '2021-04-28 10:07:47', '7720.00', 'Espèce', ''),
(8, 16, 3, '2021-04-28 10:21:50', '5000.00', 'Espèce', ''),
(9, 16, 3, '2021-04-28 10:29:06', '5000.00', 'Espèce', '');

-- --------------------------------------------------------

--
-- Structure de la table `personnel`
--

CREATE TABLE IF NOT EXISTS `personnel` (
  `IDPERSONNEL` bigint(4) NOT NULL AUTO_INCREMENT,
  `IDGRADE` int(11) NOT NULL,
  `IDUTILISATEUR` int(11) NOT NULL,
  `IDFONCTION` int(11) NOT NULL,
  `NOMPERSONNEL` char(32) DEFAULT NULL,
  `PRENOMPERSONNEL` char(32) DEFAULT NULL,
  `SEXE` char(32) DEFAULT NULL,
  `NOMBREENFANT` char(32) DEFAULT NULL,
  `ADRESSEPERSONNEL` char(32) DEFAULT NULL,
  `CONTACTPERSONNEL` char(32) DEFAULT NULL,
  `DATENAISSANCE` char(32) DEFAULT NULL,
  `LIEUNAISSANCE` char(32) DEFAULT NULL,
  `SITUATIONMATRIMONIAL` char(32) DEFAULT NULL,
  `CINPERSONNEL` char(32) DEFAULT NULL,
  `LIEUCIN` char(32) DEFAULT NULL,
  `DATEENTREESERVICE` char(32) DEFAULT NULL,
  `DATEMAJ` date DEFAULT NULL,
  PRIMARY KEY (`IDPERSONNEL`),
  KEY `I_FK_PERSONNEL_GRADE` (`IDGRADE`),
  KEY `I_FK_PERSONNEL_UTILISATEUR` (`IDUTILISATEUR`),
  KEY `I_FK_PERSONNEL_FONCTION` (`IDFONCTION`)
) ENGINE=MyISAM AUTO_INCREMENT=3 DEFAULT CHARSET=latin1;

--
-- Déchargement des données de la table `personnel`
--

INSERT INTO `personnel` (`IDPERSONNEL`, `IDGRADE`, `IDUTILISATEUR`, `IDFONCTION`, `NOMPERSONNEL`, `PRENOMPERSONNEL`, `SEXE`, `NOMBREENFANT`, `ADRESSEPERSONNEL`, `CONTACTPERSONNEL`, `DATENAISSANCE`, `LIEUNAISSANCE`, `SITUATIONMATRIMONIAL`, `CINPERSONNEL`, `LIEUCIN`, `DATEENTREESERVICE`, `DATEMAJ`) VALUES
(1, 3, 3, 1, 'RATEFIARIVONY', 'Rado', 'Homme', '4', 'Lot D89/3601 Ambatomena', '034 20 817 85', '1988-09-07', 'Soavinandriana', 'Marié', '101 221 091 094', 'Antananarivo II', '2021-03-24', '2021-03-26'),
(2, 3, 3, 1, 'TSIRINANTENAINA', 'RO', 'Homme', '2', 'DS', '032 02 002 36', '2021-03-24', 'DDD', 'Marié', '101 222 222 222', 'FDSD', '2021-03-24', '2021-03-26');

-- --------------------------------------------------------

--
-- Structure de la table `rubrique`
--

CREATE TABLE IF NOT EXISTS `rubrique` (
  `IDRUBRIQUE` bigint(4) NOT NULL AUTO_INCREMENT,
  `NOMRUBRIQUE` char(32) DEFAULT NULL,
  `NATURERUBRIQUE` char(32) DEFAULT NULL,
  PRIMARY KEY (`IDRUBRIQUE`)
) ENGINE=MyISAM AUTO_INCREMENT=4 DEFAULT CHARSET=latin1;

--
-- Déchargement des données de la table `rubrique`
--

INSERT INTO `rubrique` (`IDRUBRIQUE`, `NOMRUBRIQUE`, `NATURERUBRIQUE`) VALUES
(2, 'Paiement fournisseur', 'Depense'),
(3, 'Recette journalière', 'Recette');

-- --------------------------------------------------------

--
-- Structure de la table `sortie`
--

CREATE TABLE IF NOT EXISTS `sortie` (
  `IDSORTIE` bigint(4) NOT NULL AUTO_INCREMENT,
  `IDUTILISATEUR` int(11) NOT NULL,
  `IDRUBRIQUE` bigint(4) NOT NULL,
  `DATESORTIE` datetime NOT NULL,
  `NOMBENEFICIAIRE` char(32) DEFAULT NULL,
  `LIBELLESORTIE` char(32) DEFAULT NULL,
  `TYPEPAIEMENTSORTIE` char(32) DEFAULT NULL,
  `NUMCHEQUESORTIE` char(32) DEFAULT NULL,
  `MONTTANTSORTIE` decimal(10,2) DEFAULT NULL,
  PRIMARY KEY (`IDSORTIE`),
  KEY `I_FK_SORTIE_UTILISATEUR` (`IDUTILISATEUR`),
  KEY `I_FK_SORTIE_RUBRIQUE` (`IDRUBRIQUE`)
) ENGINE=MyISAM DEFAULT CHARSET=latin1;

-- --------------------------------------------------------

--
-- Structure de la table `tempcommandeclient`
--

CREATE TABLE IF NOT EXISTS `tempcommandeclient` (
  `IDTEMP` int(11) NOT NULL AUTO_INCREMENT,
  `TEMPIDARTICLE` int(11) NOT NULL,
  `TEMPQTECOMM` int(11) NOT NULL,
  `TEMPPU` decimal(10,0) NOT NULL,
  PRIMARY KEY (`IDTEMP`)
) ENGINE=MyISAM DEFAULT CHARSET=latin1;

-- --------------------------------------------------------

--
-- Structure de la table `tempcommandedetail`
--

CREATE TABLE IF NOT EXISTS `tempcommandedetail` (
  `IDTEMP` int(11) NOT NULL AUTO_INCREMENT,
  `TEMPIDARTICLE` int(11) NOT NULL,
  `TEMPQTECOMM` int(11) NOT NULL,
  PRIMARY KEY (`IDTEMP`)
) ENGINE=MyISAM DEFAULT CHARSET=latin1;

-- --------------------------------------------------------

--
-- Structure de la table `tour`
--

CREATE TABLE IF NOT EXISTS `tour` (
  `IDDATE` date NOT NULL,
  `IDPERSONNEL` bigint(4) NOT NULL,
  PRIMARY KEY (`IDDATE`,`IDPERSONNEL`),
  KEY `I_FK_TOUR_DATETOUR` (`IDDATE`),
  KEY `I_FK_TOUR_PERSONNEL` (`IDPERSONNEL`)
) ENGINE=MyISAM DEFAULT CHARSET=latin1;
COMMIT;

